q**2 - 10*q + 37 - 12 - 18. What is the units digit of m(o)?
7
Suppose 52*q - 36*q - 11488 = 0. What is the units digit of q?
8
Let o be (-242)/(-14) - (-8)/(-28). Let w = 12 - o. Let k = 28 + w. What is the units digit of k?
3
Let m = -4135 + 7609. What is the tens digit of m?
7
Let v(j) = 16*j - 47. Let z(p) = 15*p - 46. Let y(a) = -5*v(a) + 6*z(a). What is the units digit of y(5)?
9
Let a(p) = -p - 3. Let y be a(-5). Suppose 0*x + 5*k - 5 = -y*x, 0 = -2*x - k + 1. Suppose x = 5*c - 2 - 13. What is the units digit of c?
3
Let y(w) = w - 10. Let a(j) = -j**3 + 11*j**2 - 9*j - 2. Let p be a(10). Let u be y(p). Let z(s) = -12*s + 2. What is the tens digit of z(u)?
2
What is the units digit of 2*((-68)/(-8) - 5)?
7
Let c be (-4)/2*(-5)/2. Let j be ((-90)/9)/(-5) - (12 - 1). Let t = c - j. What is the tens digit of t?
1
Suppose 0*g + 3*g = -4*z + 4358, -g = -2*z + 2174. What is the units digit of z?
8
Let c = 34 - 17. Let f = c + 1. What is the units digit of f?
8
Suppose -4*w + 52 = 3*c - 5*w, 2*c - 3*w = 37. Suppose -v = q - 2, q = 3*v + 2*q - 8. Suppose v*d - c = 16. What is the tens digit of d?
1
Suppose -434 - 65 = -p + a, 4*p - 2002 = -2*a. What is the hundreds digit of p?
5
Let r(z) = z - 17. Let s be r(14). Let a be (s - -3)/((-4)/(-2)). What is the units digit of (a + -3 - -8)/1?
5
Suppose -7826 - 8714 = -20*d. What is the hundreds digit of d?
8
Suppose -4*t + 3*g = 2*g - 1624, -4*t + 1624 = 3*g. What is the hundreds digit of t?
4
Suppose 1348 = 5*q + t - 3*t, -3*q + 4*t + 806 = 0. What is the hundreds digit of q?
2
Let r(a) = a. Let f be (-3)/(6/(-4)) - -3. Let s be r(f). Suppose 4*o - 2*u + u - 281 = 0, 0 = 2*o - s*u - 163. What is the tens digit of o?
6
Let z = 306 - 270. Let j = -1 + 2. Let h = j + z. What is the units digit of h?
7
Let k(p) = 116*p**2 + 11*p - 45. What is the units digit of k(3)?
2
Suppose -4*a - 3*b = -19, 4*a - 25 = -4*b - 5. What is the tens digit of (-6)/a - (-198)/4?
4
What is the hundreds digit of 380964/(-53)*1/(-3)?
3
Suppose 4*r = 132 + 128. Suppose -6*t + r = -139. What is the tens digit of t?
3
Let v(z) = 5*z**2 + 163*z - 14. What is the hundreds digit of v(-37)?
8
Let f = 129 + -68. What is the tens digit of f?
6
Suppose -50 = -5*g - 5*q, 6*g + 5*q - 38 = 3*g. Suppose 2*a + 4 = 2. Let n = g + a. What is the units digit of n?
5
Let f = 20 - -14. Let l = f - 22. What is the units digit of 1/2 - (-294)/l?
5
Let l(q) = -2*q**3 - 41*q**2 - 44*q + 14. What is the tens digit of l(-20)?
9
Suppose 2*z + z = l - 3, -2*z - 2 = 5*l. Let t = -1 - l. What is the units digit of 16*t*(-5)/2?
0
Let c(y) = 227*y. Let t be c(1). Suppose 4*f - f - 3*b = -135, 5*f - 3*b + t = 0. Let u = -24 - f. What is the tens digit of u?
2
Suppose -6*o - 5*c + 4140 = -o, 2*c = 4. What is the hundreds digit of o?
8
Suppose 3*u + 2*d - 74 = -3*d, 0 = -u + 5*d - 2. Suppose -w + 4*w = u. Suppose 2*k = w*k - 72. What is the units digit of k?
8
Suppose 0 = -2*j, 0 = -6*u + u - j. Suppose -2*s - 145 = -3*p, 4*p - 212 = -2*s - u*s. What is the units digit of p?
1
Suppose x = j + 2, 5 = x + 2*j - 3. Suppose x*a = 3*d + 813, -5*a - 2*d = -6*d - 1016. What is the tens digit of a?
0
Let g(k) = -39*k**2 - 27*k**2 + 3*k - 2 + 73*k**2. What is the units digit of g(1)?
8
Let x = -28 - -393. What is the units digit of x?
5
Let f = -5 + 6. What is the tens digit of (-6 - -7)/(152/150 - f)?
7
Suppose 0 = j - 2*d - 33, 4*j + 3*d - 43 = 78. Suppose 3*m - 12 = z, z + 4*m - 28 = -m. Suppose -2*o = -z*o + j. What is the tens digit of o?
3
Suppose 0 = 8*f - 2706 - 726. What is the hundreds digit of f?
4
Suppose 0 = 14*t - 2636 + 662. What is the tens digit of t?
4
Let b = 58 - -102. Suppose 2*t - b = -32. What is the tens digit of t?
6
Let b be -2 + (3 + -4)*-4. What is the hundreds digit of (-104 - (-5 + b))/(-1)?
1
Let j(m) = m**3 + 38*m**2 - 40*m + 62. What is the units digit of j(-39)?
1
Suppose 2*n = 4 + 8. Suppose -3*m - 1 = -2*a - n, 4*m = -3*a + 18. What is the units digit of -3 - ((-18)/m - -2)?
1
Let h be -5*(-15)/(-25) - (-1 + -6). Suppose -5*d = -h*p - 550, 0*p + 308 = 3*d + 2*p. What is the tens digit of d?
0
Let d = -741 - -1123. What is the hundreds digit of d?
3
Let u(r) be the third derivative of 5*r**4/24 + r**3/3 + r**2. Suppose -5*s = -2*t + 4, -s + 0*s = -4*t + 8. What is the units digit of u(t)?
2
Suppose 0 = -0*r - 21*r + 19992. What is the units digit of r?
2
Let y(i) = 17*i**2 + 12*i - 8. Let p be y(-4). Let g = p - 121. What is the units digit of g?
5
Let n(v) = -3*v**2 - 2*v. Let f be n(-3). Let y be 12/7 + (-6)/f. Suppose -2*b = -5*o + 137, y*o + 2*b - 79 = -o. What is the tens digit of o?
2
Suppose -1838 - 409 = -7*w. Suppose 5*n = -3*i + 319, n = -4*n - 2*i + w. What is the tens digit of n?
6
Suppose 0 = -10*a + 17 + 33. Suppose 24 = c - a*o, 3 = 2*o - o. What is the tens digit of c?
3
Suppose 33*x - 11*x - 45386 = 0. What is the hundreds digit of x?
0
Let n = -861 + 1326. What is the units digit of n?
5
Let w = -861 + 965. What is the tens digit of w?
0
Let l = -75 + 74. Let b(r) = 236*r**2 + r. What is the tens digit of b(l)?
3
Let s(p) = -p - 1. Let a be s(-1). Let o = a + 5. Suppose o*f - g - 9 = -3*g, -2*f = -2*g + 2. What is the units digit of f?
1
Let r be (-2 - 113/(-1)) + (23 - 26). Let v = r - 23. What is the units digit of v?
5
Let p(y) = y**3 - 14*y**2 + y - 6. Let a be p(14). Suppose -7*u = -a*u + 2. Suppose 0 = -0*m + u*m - 52. What is the tens digit of m?
2
Let l(r) = -r**2 + 8*r - 1. Suppose 15 = 5*j, 0*n - j + 33 = 3*n. Let z(a) = -a + 17. Let h be z(n). What is the units digit of l(h)?
6
Suppose 0*n + 6 = -3*n - 5*i, 0 = -4*n - i + 9. Suppose 56 = -4*m - 56. What is the tens digit of (m/n)/(6/(-9))?
1
Suppose -7*i + 17094 = 30*i. What is the tens digit of i?
6
What is the units digit of 16148/6*249/166?
7
Suppose 2*m - 3*n + 1 = 0, 2*m + 0*n + 3 = n. What is the tens digit of 0/(m + 2 - 2) - -19?
1
Let r be (-2)/9 - 1896/(-27). Let s = r + -28. Suppose 0 = -3*w + 5*w - s. What is the tens digit of w?
2
Suppose -9 = k - 12. Let r(y) = -2*y**3 - 2 - 3*y - y**2 - 2*y**3 + y**k + 2*y**3. What is the units digit of r(-4)?
8
Let o = -38 - -78. Let z = 72 - o. What is the units digit of z?
2
Let d be 0*(3 - 2) + 170/(-2). Let c = -46 - d. What is the units digit of c?
9
Let v be (-2)/7 - (-37)/7. Let d be (-8)/(-8)*(3 - 1). Suppose 0 = -v*f + d*f + 66. What is the units digit of f?
2
Let y(p) = -p**3 + 25*p**2 - 24*p + 12. What is the tens digit of y(24)?
1
Suppose -2*r = -r - 2. Suppose -3*t = -r*c - 23, -5*t - 2*c + 5 = -12. What is the tens digit of -2 + t + (20 - -4)?
2
Suppose -527280 = -60*y - 44*y. What is the tens digit of y?
7
Let r(a) be the first derivative of -2*a**3/3 + 41*a**2/2 - 37*a - 16. What is the units digit of r(17)?
2
Let f(d) be the second derivative of -d**3/3 + 3*d**2 - d. Let y be f(-9). Let j = 57 - y. What is the tens digit of j?
3
Suppose 2*o = -f + 18, -f + 40 = -0*o + 4*o. Let u(d) be the second derivative of -d**4/12 + 2*d**3 - 5*d**2 + 3*d. What is the units digit of u(o)?
1
Suppose 131*o + v = 136*o - 2964, 2968 = 5*o - 2*v. What is the tens digit of o?
9
Let j(h) = h**2 - 5*h + 4. Suppose -5*c + 132 = -2*c. Let a be 3/(-9) + c/6. What is the units digit of j(a)?
8
Let o = 1324 - -548. What is the units digit of o?
2
Let d(t) = -6*t - 4. Let u be d(4). Let f be (-132)/(-28) + (-8)/u. Suppose -o = -3*z + o + 36, 4*o + 58 = f*z. What is the units digit of z?
4
Let i = -615 + 1837. What is the units digit of i?
2
Suppose 23*i - 12790 = -5*f + 26*i, 0 = -f + 5*i + 2536. What is the thousands digit of f?
2
Let b be 11 + (-4 - 1) - (0 + 4). Suppose z = -5*m + 681, 0 = 6*m - b*m + z - 544. What is the tens digit of m?
3
Let n(z) = 20*z**3 + z**2 - z - 41. Let g(u) = 7*u**3 - 14. Let d(p) = 17*g(p) - 6*n(p). Let x be d(-7). Suppose 0 = -2*t + 5 + x. What is the units digit of t?
0
Let x(f) be the second derivative of -f**7/2520 - f**6/45 - 7*f**5/60 - f**4 - 5*f. Let z(s) be the third derivative of x(s). What is the tens digit of z(-7)?
4
Let q(t) = -t**2 + 14*t - 28. What is the tens digit of q(7)?
2
Let z = 23 + -27. What is the tens digit of 4/z*-50 - -3?
5
Let w(m) = m**3 + m**2 - 3*m - 7. Let v be w(3). What is the units digit of (-4 - v/(-8))*2 - -101?
8
What is the hundreds digit of (